{"id":4275,"date":"2024-07-10T12:41:52","date_gmt":"2024-07-10T16:41:52","guid":{"rendered":"https:\/\/sjogren.ca\/?page_id=4275"},"modified":"2024-07-10T12:41:58","modified_gmt":"2024-07-10T16:41:58","slug":"to-mark-world-sjogrens-syndrome-day-on-july-23","status":"publish","type":"page","link":"https:\/\/sjogren.ca\/en\/to-mark-world-sjogrens-syndrome-day-on-july-23\/","title":{"rendered":"To mark World Sj\u00f6gren&#8217;s Syndrome Day on July 23"},"content":{"rendered":"<p>To mark World Sj\u00f6gren&#8217;s Syndrome Day on July 23, the birthday of Dr. Henrik Sj\u00f6gren, who discovered Sj\u00f6gren&#8217;s syndrome, we&#8217;re offering a zoom meeting for members. The aim of this meeting is to introduce you to a number of reliable and relevant resources on Sj\u00f6gren&#8217;s syndrome, which will surely help you to better understand this rare disease, currently orphaned and little-known by the general public and, unfortunately, by healthcare professionals.<\/p>\n<p>Tuesday July 23 at 12:00 pm in virtual mode on the Zoom platform<br \/>\nTuesday, July 23 at 6:00 p.m. in virtual mode on the Zoom platform<\/p>\n","protected":false},"excerpt":{"rendered":"<p>To mark World Sj\u00f6gren&#8217;s Syndrome Day on July 23, the birthday of Dr. Henrik Sj\u00f6gren, who discovered Sj\u00f6gren&#8217;s syndrome, we&#8217;re offering a zoom meeting for members. The aim of this meeting is to introduce you to a number of reliable and relevant resources on Sj\u00f6gren&#8217;s syndrome, which will surely help you to better understand this [&hellip;]<\/p>\n","protected":false},"author":3,"featured_media":0,"parent":0,"menu_order":0,"comment_status":"closed","ping_status":"closed","template":"","meta":{"_genesis_hide_title":false,"_genesis_hide_breadcrumbs":false,"_genesis_hide_singular_image":false,"_genesis_hide_footer_widgets":false,"_genesis_custom_body_class":"","_genesis_custom_post_class":"","_genesis_layout":"","footnotes":""},"class_list":{"0":"post-4275","1":"page","2":"type-page","3":"status-publish","5":"entry"},"yoast_head":"<!-- This site is optimized with the Yoast SEO plugin v27.3 - https:\/\/yoast.com\/product\/yoast-seo-wordpress\/ -->\n<title>To mark World Sj\u00f6gren&#039;s Syndrome Day on July 23 - Association du syndrome de Sj\u00f6gren<\/title>\n<meta name=\"robots\" content=\"index, follow, max-snippet:-1, max-image-preview:large, max-video-preview:-1\" \/>\n<link rel=\"canonical\" href=\"https:\/\/sjogren.ca\/en\/to-mark-world-sjogrens-syndrome-day-on-july-23\/\" \/>\n<meta property=\"og:locale\" content=\"en_US\" \/>\n<meta property=\"og:type\" content=\"article\" \/>\n<meta property=\"og:title\" content=\"To mark World Sj\u00f6gren&#039;s Syndrome Day on July 23 - Association du syndrome de Sj\u00f6gren\" \/>\n<meta property=\"og:description\" content=\"To mark World Sj\u00f6gren&#8217;s Syndrome Day on July 23, the birthday of Dr. Henrik Sj\u00f6gren, who discovered Sj\u00f6gren&#8217;s syndrome, we&#8217;re offering a zoom meeting for members. The aim of this meeting is to introduce you to a number of reliable and relevant resources on Sj\u00f6gren&#8217;s syndrome, which will surely help you to better understand this [&hellip;]\" \/>\n<meta property=\"og:url\" content=\"https:\/\/sjogren.ca\/en\/to-mark-world-sjogrens-syndrome-day-on-july-23\/\" \/>\n<meta property=\"og:site_name\" content=\"Association du syndrome de Sj\u00f6gren\" \/>\n<meta property=\"article:modified_time\" content=\"2024-07-10T16:41:58+00:00\" \/>\n<meta name=\"twitter:card\" content=\"summary_large_image\" \/>\n<meta name=\"twitter:label1\" content=\"Est. reading time\" \/>\n\t<meta name=\"twitter:data1\" content=\"1 minute\" \/>\n<script type=\"application\/ld+json\" class=\"yoast-schema-graph\">{\"@context\":\"https:\\\/\\\/schema.org\",\"@graph\":[{\"@type\":\"WebPage\",\"@id\":\"https:\\\/\\\/sjogren.ca\\\/en\\\/to-mark-world-sjogrens-syndrome-day-on-july-23\\\/\",\"url\":\"https:\\\/\\\/sjogren.ca\\\/en\\\/to-mark-world-sjogrens-syndrome-day-on-july-23\\\/\",\"name\":\"To mark World Sj\u00f6gren's Syndrome Day on July 23 - Association du syndrome de Sj\u00f6gren\",\"isPartOf\":{\"@id\":\"https:\\\/\\\/sjogren.ca\\\/en\\\/#website\"},\"datePublished\":\"2024-07-10T16:41:52+00:00\",\"dateModified\":\"2024-07-10T16:41:58+00:00\",\"breadcrumb\":{\"@id\":\"https:\\\/\\\/sjogren.ca\\\/en\\\/to-mark-world-sjogrens-syndrome-day-on-july-23\\\/#breadcrumb\"},\"inLanguage\":\"en-US\",\"potentialAction\":[{\"@type\":\"ReadAction\",\"target\":[\"https:\\\/\\\/sjogren.ca\\\/en\\\/to-mark-world-sjogrens-syndrome-day-on-july-23\\\/\"]}]},{\"@type\":\"BreadcrumbList\",\"@id\":\"https:\\\/\\\/sjogren.ca\\\/en\\\/to-mark-world-sjogrens-syndrome-day-on-july-23\\\/#breadcrumb\",\"itemListElement\":[{\"@type\":\"ListItem\",\"position\":1,\"name\":\"Accueil\",\"item\":\"https:\\\/\\\/sjogren.ca\\\/en\\\/\"},{\"@type\":\"ListItem\",\"position\":2,\"name\":\"To mark World Sj\u00f6gren&rsquo;s Syndrome Day on July 23\"}]},{\"@type\":\"WebSite\",\"@id\":\"https:\\\/\\\/sjogren.ca\\\/en\\\/#website\",\"url\":\"https:\\\/\\\/sjogren.ca\\\/en\\\/\",\"name\":\"Association du syndrome de Sj\u00f6gren\",\"description\":\"\",\"publisher\":{\"@id\":\"https:\\\/\\\/sjogren.ca\\\/en\\\/#organization\"},\"potentialAction\":[{\"@type\":\"SearchAction\",\"target\":{\"@type\":\"EntryPoint\",\"urlTemplate\":\"https:\\\/\\\/sjogren.ca\\\/en\\\/?s={search_term_string}\"},\"query-input\":{\"@type\":\"PropertyValueSpecification\",\"valueRequired\":true,\"valueName\":\"search_term_string\"}}],\"inLanguage\":\"en-US\"},{\"@type\":\"Organization\",\"@id\":\"https:\\\/\\\/sjogren.ca\\\/en\\\/#organization\",\"name\":\"Association du syndrome de Sj\u00f6gren\",\"url\":\"https:\\\/\\\/sjogren.ca\\\/en\\\/\",\"logo\":{\"@type\":\"ImageObject\",\"inLanguage\":\"en-US\",\"@id\":\"https:\\\/\\\/sjogren.ca\\\/en\\\/#\\\/schema\\\/logo\\\/image\\\/\",\"url\":\"https:\\\/\\\/sjogren.ca\\\/wp-content\\\/uploads\\\/2023\\\/04\\\/logo-association-sjogren.jpg\",\"contentUrl\":\"https:\\\/\\\/sjogren.ca\\\/wp-content\\\/uploads\\\/2023\\\/04\\\/logo-association-sjogren.jpg\",\"width\":140,\"height\":92,\"caption\":\"Association du syndrome de Sj\u00f6gren\"},\"image\":{\"@id\":\"https:\\\/\\\/sjogren.ca\\\/en\\\/#\\\/schema\\\/logo\\\/image\\\/\"}}]}<\/script>\n<!-- \/ Yoast SEO plugin. -->","yoast_head_json":{"title":"To mark World Sj\u00f6gren's Syndrome Day on July 23 - Association du syndrome de Sj\u00f6gren","robots":{"index":"index","follow":"follow","max-snippet":"max-snippet:-1","max-image-preview":"max-image-preview:large","max-video-preview":"max-video-preview:-1"},"canonical":"https:\/\/sjogren.ca\/en\/to-mark-world-sjogrens-syndrome-day-on-july-23\/","og_locale":"en_US","og_type":"article","og_title":"To mark World Sj\u00f6gren's Syndrome Day on July 23 - Association du syndrome de Sj\u00f6gren","og_description":"To mark World Sj\u00f6gren&#8217;s Syndrome Day on July 23, the birthday of Dr. Henrik Sj\u00f6gren, who discovered Sj\u00f6gren&#8217;s syndrome, we&#8217;re offering a zoom meeting for members. The aim of this meeting is to introduce you to a number of reliable and relevant resources on Sj\u00f6gren&#8217;s syndrome, which will surely help you to better understand this [&hellip;]","og_url":"https:\/\/sjogren.ca\/en\/to-mark-world-sjogrens-syndrome-day-on-july-23\/","og_site_name":"Association du syndrome de Sj\u00f6gren","article_modified_time":"2024-07-10T16:41:58+00:00","twitter_card":"summary_large_image","twitter_misc":{"Est. reading time":"1 minute"},"schema":{"@context":"https:\/\/schema.org","@graph":[{"@type":"WebPage","@id":"https:\/\/sjogren.ca\/en\/to-mark-world-sjogrens-syndrome-day-on-july-23\/","url":"https:\/\/sjogren.ca\/en\/to-mark-world-sjogrens-syndrome-day-on-july-23\/","name":"To mark World Sj\u00f6gren's Syndrome Day on July 23 - Association du syndrome de Sj\u00f6gren","isPartOf":{"@id":"https:\/\/sjogren.ca\/en\/#website"},"datePublished":"2024-07-10T16:41:52+00:00","dateModified":"2024-07-10T16:41:58+00:00","breadcrumb":{"@id":"https:\/\/sjogren.ca\/en\/to-mark-world-sjogrens-syndrome-day-on-july-23\/#breadcrumb"},"inLanguage":"en-US","potentialAction":[{"@type":"ReadAction","target":["https:\/\/sjogren.ca\/en\/to-mark-world-sjogrens-syndrome-day-on-july-23\/"]}]},{"@type":"BreadcrumbList","@id":"https:\/\/sjogren.ca\/en\/to-mark-world-sjogrens-syndrome-day-on-july-23\/#breadcrumb","itemListElement":[{"@type":"ListItem","position":1,"name":"Accueil","item":"https:\/\/sjogren.ca\/en\/"},{"@type":"ListItem","position":2,"name":"To mark World Sj\u00f6gren&rsquo;s Syndrome Day on July 23"}]},{"@type":"WebSite","@id":"https:\/\/sjogren.ca\/en\/#website","url":"https:\/\/sjogren.ca\/en\/","name":"Association du syndrome de Sj\u00f6gren","description":"","publisher":{"@id":"https:\/\/sjogren.ca\/en\/#organization"},"potentialAction":[{"@type":"SearchAction","target":{"@type":"EntryPoint","urlTemplate":"https:\/\/sjogren.ca\/en\/?s={search_term_string}"},"query-input":{"@type":"PropertyValueSpecification","valueRequired":true,"valueName":"search_term_string"}}],"inLanguage":"en-US"},{"@type":"Organization","@id":"https:\/\/sjogren.ca\/en\/#organization","name":"Association du syndrome de Sj\u00f6gren","url":"https:\/\/sjogren.ca\/en\/","logo":{"@type":"ImageObject","inLanguage":"en-US","@id":"https:\/\/sjogren.ca\/en\/#\/schema\/logo\/image\/","url":"https:\/\/sjogren.ca\/wp-content\/uploads\/2023\/04\/logo-association-sjogren.jpg","contentUrl":"https:\/\/sjogren.ca\/wp-content\/uploads\/2023\/04\/logo-association-sjogren.jpg","width":140,"height":92,"caption":"Association du syndrome de Sj\u00f6gren"},"image":{"@id":"https:\/\/sjogren.ca\/en\/#\/schema\/logo\/image\/"}}]}},"_links":{"self":[{"href":"https:\/\/sjogren.ca\/en\/wp-json\/wp\/v2\/pages\/4275","targetHints":{"allow":["GET"]}}],"collection":[{"href":"https:\/\/sjogren.ca\/en\/wp-json\/wp\/v2\/pages"}],"about":[{"href":"https:\/\/sjogren.ca\/en\/wp-json\/wp\/v2\/types\/page"}],"author":[{"embeddable":true,"href":"https:\/\/sjogren.ca\/en\/wp-json\/wp\/v2\/users\/3"}],"replies":[{"embeddable":true,"href":"https:\/\/sjogren.ca\/en\/wp-json\/wp\/v2\/comments?post=4275"}],"version-history":[{"count":1,"href":"https:\/\/sjogren.ca\/en\/wp-json\/wp\/v2\/pages\/4275\/revisions"}],"predecessor-version":[{"id":4277,"href":"https:\/\/sjogren.ca\/en\/wp-json\/wp\/v2\/pages\/4275\/revisions\/4277"}],"wp:attachment":[{"href":"https:\/\/sjogren.ca\/en\/wp-json\/wp\/v2\/media?parent=4275"}],"curies":[{"name":"wp","href":"https:\/\/api.w.org\/{rel}","templated":true}]}}

To mark World Sjögren&#8217;s Syndrome Day on July 23

<p>To mark World Sjögren&#8217;s Syndrome Day on July 23, the birthday of Dr. Henrik Sjögren, who discovered Sjögren&#8217;s syndrome, we&#8217;re offering a zoom meeting for members. The aim of this meeting is to introduce you to a number of reliable and relevant resources on Sjögren&#8217;s syndrome, which will surely help you to better understand this rare disease, currently orphaned and little-known by the general public and, unfortunately, by healthcare professionals.</p>
<p>Tuesday July 23 at 12:00 pm in virtual mode on the Zoom platform<br />
Tuesday, July 23 at 6:00 p.m. in virtual mode on the Zoom platform</p>

<p>To mark World Sjögren&#8217;s Syndrome Day on July 23, the birthday of Dr. Henrik Sjögren, who discovered Sjögren&#8217;s syndrome, we&#8217;re offering a zoom meeting for members. The aim of this meeting is to introduce you to a number of reliable and relevant resources on Sjögren&#8217;s syndrome, which will surely help you to better understand this [&hellip;]</p>

<!-- This site is optimized with the Yoast SEO plugin v27.3 - https://yoast.com/product/yoast-seo-wordpress/ -->
<title>To mark World Sjögren&#039;s Syndrome Day on July 23 - Association du syndrome de Sjögren</title>
<meta name="robots" content="index, follow, max-snippet:-1, max-image-preview:large, max-video-preview:-1" />
<link rel="canonical" href="https://sjogren.ca/en/to-mark-world-sjogrens-syndrome-day-on-july-23/" />
<meta property="og:locale" content="en_US" />
<meta property="og:type" content="article" />
<meta property="og:title" content="To mark World Sjögren&#039;s Syndrome Day on July 23 - Association du syndrome de Sjögren" />
<meta property="og:description" content="To mark World Sjögren&#8217;s Syndrome Day on July 23, the birthday of Dr. Henrik Sjögren, who discovered Sjögren&#8217;s syndrome, we&#8217;re offering a zoom meeting for members. The aim of this meeting is to introduce you to a number of reliable and relevant resources on Sjögren&#8217;s syndrome, which will surely help you to better understand this [&hellip;]" />
<meta property="og:url" content="https://sjogren.ca/en/to-mark-world-sjogrens-syndrome-day-on-july-23/" />
<meta property="og:site_name" content="Association du syndrome de Sjögren" />
<meta property="article:modified_time" content="2024-07-10T16:41:58+00:00" />
<meta name="twitter:card" content="summary_large_image" />
<meta name="twitter:label1" content="Est. reading time" />
	<meta name="twitter:data1" content="1 minute" />
<script type="application/ld+json" class="yoast-schema-graph">{"@context":"https:\/\/schema.org","@graph":[{"@type":"WebPage","@id":"https:\/\/sjogren.ca\/en\/to-mark-world-sjogrens-syndrome-day-on-july-23\/","url":"https:\/\/sjogren.ca\/en\/to-mark-world-sjogrens-syndrome-day-on-july-23\/","name":"To mark World Sjögren's Syndrome Day on July 23 - Association du syndrome de Sjögren","isPartOf":{"@id":"https:\/\/sjogren.ca\/en\/#website"},"datePublished":"2024-07-10T16:41:52+00:00","dateModified":"2024-07-10T16:41:58+00:00","breadcrumb":{"@id":"https:\/\/sjogren.ca\/en\/to-mark-world-sjogrens-syndrome-day-on-july-23\/#breadcrumb"},"inLanguage":"en-US","potentialAction":[{"@type":"ReadAction","target":["https:\/\/sjogren.ca\/en\/to-mark-world-sjogrens-syndrome-day-on-july-23\/"]}]},{"@type":"BreadcrumbList","@id":"https:\/\/sjogren.ca\/en\/to-mark-world-sjogrens-syndrome-day-on-july-23\/#breadcrumb","itemListElement":[{"@type":"ListItem","position":1,"name":"Accueil","item":"https:\/\/sjogren.ca\/en\/"},{"@type":"ListItem","position":2,"name":"To mark World Sjögren&rsquo;s Syndrome Day on July 23"}]},{"@type":"WebSite","@id":"https:\/\/sjogren.ca\/en\/#website","url":"https:\/\/sjogren.ca\/en\/","name":"Association du syndrome de Sjögren","description":"","publisher":{"@id":"https:\/\/sjogren.ca\/en\/#organization"},"potentialAction":[{"@type":"SearchAction","target":{"@type":"EntryPoint","urlTemplate":"https:\/\/sjogren.ca\/en\/?s={search_term_string}"},"query-input":{"@type":"PropertyValueSpecification","valueRequired":true,"valueName":"search_term_string"}}],"inLanguage":"en-US"},{"@type":"Organization","@id":"https:\/\/sjogren.ca\/en\/#organization","name":"Association du syndrome de Sjögren","url":"https:\/\/sjogren.ca\/en\/","logo":{"@type":"ImageObject","inLanguage":"en-US","@id":"https:\/\/sjogren.ca\/en\/#\/schema\/logo\/image\/","url":"https:\/\/sjogren.ca\/wp-content\/uploads\/2023\/04\/logo-association-sjogren.jpg","contentUrl":"https:\/\/sjogren.ca\/wp-content\/uploads\/2023\/04\/logo-association-sjogren.jpg","width":140,"height":92,"caption":"Association du syndrome de Sjögren"},"image":{"@id":"https:\/\/sjogren.ca\/en\/#\/schema\/logo\/image\/"}}]}</script>
<!-- / Yoast SEO plugin. -->

To mark World Sjögren's Syndrome Day on July 23 - Association du syndrome de Sjögren

To mark World Sjögren&#8217;s Syndrome Day on July 23, the birthday of Dr. Henrik Sjögren, who discovered Sjögren&#8217;s syndrome, we&#8217;re offering a zoom meeting for members. The aim of this meeting is to introduce you to a number of reliable and relevant resources on Sjögren&#8217;s syndrome, which will surely help you to better understand this [&hellip;]

Association du syndrome de Sjögren

To mark World Sjögren&rsquo;s Syndrome Day on July 23
